3. Let t = 3 - -2. Suppose 0 = p + 2 - t. List the prime factors of a(p).
3, 11
Let x = 10 + -6. Let z(b) = 10*b**3 - 3*b + 2. Let l be z(1). Suppose -l*a + 65 = -x*a. List the prime factors of a.
13
Let c(m) = 48*m**3 - 2*m**2 + 5*m - 2. List the prime factors of c(3).
1291
Suppose -2*m - 33 = 1. Let u = m - -32. List the prime factors of u.
3, 5
Suppose 2*a - 8 = 2*o, -a + 3*o + 9 - 1 = 0. Suppose 0 = -2*n - 5*h + 87, a*n - h - 144 + 39 = 0. Let x = n - 32. What are the prime factors of x?
19
Suppose 0 = 2*w + 2, 4*p = -3*w + 2 + 7. Suppose 5*n - 76 = -v - 3*v, 50 = p*n - 2*v. What are the prime factors of 0 + n - 12/3?
2, 3
Suppose 0 = -2*n - 4*c + 2, -c - 4 = -n + 12. Let b = 255 - 148. Suppose -n = 4*j - b. List the prime factors of j.
2, 3
Let k(m) = -87*m - 72. List the prime factors of k(-6).
2, 3, 5
Let b(t) = t**2 - 15. Suppose 0 = 9*n - 8*n - 6. List the prime factors of b(n).
3, 7
Let r be 66/(-2)*2/(-6). Let q(x) = 5. Let z(p) = -p + 25. Let j(c) = r*q(c) - 2*z(c). List the prime factors of j(10).
5
Let a = -1254 - -1631. List the prime factors of a.
13, 29
Suppose -y + 29 - 15 = 0. What are the prime factors of 42/(-12)*(-12)/y?
3
What are the prime factors of (1 + 0 - 0)*(-5 + 447)?
2, 13, 17
Suppose d = -0*q - 3*q - 164, -5*d - 204 = 4*q. What are the prime factors of (294/q)/((-3)/16)?
2, 7
Let l(d) = 3 + 3*d**3 - 5*d**3 + 12*d**2 + 8*d + 3*d**3 + 3. What are the prime factors of l(-5)?
3, 47
Let t = 28 + -32. List the prime factors of (-18)/36 + (-242)/t.
2, 3, 5
Let x(b) = -b - 11. Let d be x(-17). Suppose 18 - d = 3*v. List the prime factors of v.
2
Let n = 10702 + -4876. What are the prime factors of n?
2, 3, 971
What are the prime factors of -214*(-10)/75*-5*-12?
2, 107
Let j be 27/((4/3 - 2)/(-2)). Suppose -4*a + 359 = 3*l + 35, -4*l = a - j. List the prime factors of a.
3
Suppose 153 = -7*p + 20. Suppose 3*o + 79 = -2*s, 0*s - 4*s + 161 = -5*o. Let n = p - o. List the prime factors of n.
2, 5
List the prime factors of ((-2448)/(-340))/(2/25).
2, 3, 5
Suppose 0 = -2*p + 4*g + 526, 5*p + 3*g + 240 = 1581. List the prime factors of p.
3, 89
Let v be (-30)/195 - 54/(-13). Let t be 37/v + (-2)/8. Let c(i) = 4*i - 3. List the prime factors of c(t).
3, 11
Let l(h) be the second derivative of h**4/12 + h**3 + 13*h**2/2 + 19*h. List the prime factors of l(-7).
2, 5
Suppose 6*d = -265 + 1039. Let t = d - 61. What are the prime factors of t?
2, 17
Suppose -3*i + 367 = 4. Suppose i*w = 126*w - 1225. List the prime factors of w.
5, 7
Let u(f) = f**2 - 3*f + 3. Let t be u(3). Suppose 0*s = -t*s + 30. Suppose -7*m = -s*m + 99. List the prime factors of m.
3, 11
Let m(y) be the third derivative of -4/3*y**3 - 1/12*y**4 + 0*y - 1/4*y**5 + 0 - 1/120*y**6 + 3*y**2. List the prime factors of m(-15).
2, 11
What are the prime factors of -170*(-45)/(-18)*(-4)/5?
2, 5, 17
Let m(x) = 7*x. Let o(d) = 3*d + 10. Let w be o(-5). Let c be m(w). What are the prime factors of 30/(-1)*14/c?
2, 3
Suppose 2*o + 5*h = 4*h + 159, -o + 107 = -5*h. What are the prime factors of o?
2, 41
Suppose -5 - 173 = -2*k. Suppose -91 = -5*u + k. Suppose 7 = -f + u. List the prime factors of f.
29
Suppose 0 = 2*i - 4*n - 3844, 3*n - 5748 = -4*i + i. List the prime factors of i.
2, 7, 137
Let b = 141 + -122. Suppose 4 + b = s. What are the prime factors of s?
23
Suppose -5*t + 3*m = -806, 0*t - t = 5*m - 178. List the prime factors of t.
163
Let s be 219/6 + (-1)/(-2). Let y = s - 25. Let g = y - 2. List the prime factors of g.
2, 5
Suppose 2*f = -2*h + 5*f + 5843, -2934 = -h + 4*f. What are the prime factors of h?
2, 31, 47
Suppose 3*g = 2*m + 2215, 3*g + m - 1486 = g. List the prime factors of g.
3, 13, 19
What are the prime factors of 5/(15/18) + (-1794)/(-2)?
3, 7, 43
Let m be 3/4 + (-15)/4. Let j(p) = -2*p**2 - 3*p - 1. Let v be j(m). List the prime factors of (-462)/(-15) - 2/v.
31
Let s(d) = -3*d**3 - 2*d**2 + 4. Let u be s(-3). Suppose 0 = z - f - u, z - 5*f = -0*f + 63. What are the prime factors of z?
2, 17
Suppose -5*z + 8*z + 159 = 0. List the prime factors of 4/((-12)/z)*3.
53
Let h be (-13)/(-2 - (-3 - 36/(-39))). Let j = -90 - h. List the prime factors of j.
79
What are the prime factors of (-25059)/(-24) - (-41)/(-328)?
2, 3, 29
Suppose 419*q - 35220 = 404*q. List the prime factors of q.
2, 587
Suppose 5*s = -3*v - 39, -2*s = 2*s - 4*v + 12. List the prime factors of (-538)/(-6) - 2/s.
2, 3, 5
Let a(p) = -p - 21. Let g be a(-12). Let b be ((19/1)/(-1))/(-1). Let k = g + b. List the prime factors of k.
2, 5
Let a be (-24)/(-11) + 0 - (-4)/(-22). Suppose 3*s - 4*o = 552, a*o + 0*o = 0. What are the prime factors of s?
2, 23
Suppose 0 = -27*a + 1373 + 15826. List the prime factors of a.
7, 13
Suppose 2*c + 7*x - 3*x - 3504 = 0, -3*x = -3. List the prime factors of c.
2, 5, 7
Suppose 43*d - 56*d = -9282. List the prime factors of d.
2, 3, 7, 17
Suppose 2*t - 2*g = 2850, 0 = -8*g + 3*g. What are the prime factors of t?
3, 5, 19
List the prime factors of 2/(2/219) + (-10 - -15).
2, 7
What are the prime factors of ((-4)/(-3))/((-2)/(-960))?
2, 5
Let w(u) = 24 + u + 4*u - 8. List the prime factors of w(7).
3, 17
Let u(t) = -36*t - 2. Let q be u(-2). Let p(w) = -w - 42. Let j be p(0). Let o = q + j. What are the prime factors of o?
2, 7
Suppose -8*l = 15*l - 19*l. Suppose -6*m + 1393 - 205 = l. What are the prime factors of m?
2, 3, 11
Let n be (-4)/(-16) - (-27)/4. Let c be ((-6)/3 + 2)*-1. Suppose -11*o + n*o + 168 = c. What are the prime factors of o?
2, 3, 7
Let q(d) = -5*d**3 - 22*d**2 - 5*d + 5. What are the prime factors of q(-6)?
17, 19
Let z be 10 - 10 - -1*2. Let a(j) = -2*j - 5. Let l be a(z). List the prime factors of 2/6 - 168/l.
19
Let t = 215 - -295. List the prime factors of t.
2, 3, 5, 17
Let x(h) = -h**2 - 21*h + 18. Let o be x(-18). Suppose -3*d + 63 + o = 0. What are the prime factors of d?
3, 5
Suppose 4*l - 1037 = -0*l - 3*o, 2*l - 502 = 4*o. What are the prime factors of l?
257
Let i(f) = 0*f - 3*f - 3 - f. Suppose -v - 10*v - 88 = 0. What are the prime factors of i(v)?
29
Let v(t) = 3*t - 6. Let u be v(6). Suppose b - j - u + 3 = 0, -5*j = 4*b - 63. Suppose 0 = 5*g + i - 2*i - 21, -4*g + 2*i = -b. What are the prime factors of g?
5
Suppose -5*z - 3 = -2*d + 3*d, -2*z + 2*d = 6. Let b = -8 - z. Let q(s) = s**2 + 5*s + 8. List the prime factors of q(b).
2, 11
Suppose -6*b + 7*b - 5 = 0. Suppose 2*k + 2 = b*n, 4*n - 2*k + 0*k = 0. Suppose m = n*h - 0*m - 51, m + 3 = 0. List the prime factors of h.
2, 3
Suppose -8405 = 38*x - 43*x. What are the prime factors of x?
41
Let d = 24 - -16. Let j(n) = n**2 - 5*n + 6. Let x be j(5). Let c = x + d. What are the prime factors of c?
2, 23
Let u(f) = -f + 260. Let h be u(0). Suppose 32 = 5*i + 3*b, 3*b - 7*b = -16. What are the prime factors of h/(-25)*(-10)/i?
2, 13
Suppose w = -4, -3*h = 2*w - 5*w - 123. Let b = 4 + h. Suppose -3*t = 8 - b. What are the prime factors of t?
11
Suppose t + 17 = -x, 4*t - 3*x - 22 + 90 = 0. Let s(l) = -l**3 - 17*l**2 - 6*l - 9. What are the prime factors of s(t)?
3, 31
Let j = -35 + 21. Let q(m) = -m**3 - 13*m**2 + 12*m + 10. List the prime factors of q(j).
2, 19
Let z(y) = -y**3 + 12*y**2 - 12*y + 28. List the prime factors of z(8).
2, 47
Let s(y) = 4*y**3 - 3*y + 2. Let x be s(1). Let f(l) be the third derivative of l**5/60 + l**4/12 - 2*l**3/3 - l**2. What are the prime factors of f(x)?
11
List the prime factors of (-2)/(-2)*(2423 + 6).
7, 347
Let z(l) = 140*l**2 - 5*l + 33. List the prime factors of z(5).
2, 877
Let d(m) = 79*m - 9. What are the prime factors of d(14)?
1097
Let w(b) = -74*b**3 + b**2 - 2*b. Let p be w(1). Let z = -11 - p. What are the prime factors of z?
2
What are the prime factors of 20*-93*((-57)/(-9) - 7)?
2, 5, 31
Suppose 4*g = -g + 100. Suppose 7*b - 2*b = -g. List the prime factors of (-213)/(-9) + b/(-12).
2, 3
Suppose -2*m = 6*y - 3*y - 1853, 3*m + y - 2769 = 0. List the prime factors of m.
2, 461
Let w(d) = -19*d + 16. Let x be w(-10). Suppose -h - y - x = -3*h, 5*h - 5*y = 510. What are the prime factors of h?
2, 13
Suppose -4*v = -0*v - 16, -2*v + 9 = t. Let q(r) = 92*r**2 + 2*r - 2. What are the prime factors of q(t)?
2, 23
Let h be (33/(-1))/(1*(-12)/8). Suppose 17*b + 310 = h*b. What are the prime factors of b?
2, 31
Let g = -12 - -